 -m**3 + 22*m**2 + 137*m - 60. What is g(27)?
-6
Let y(l) = l**2 - 10*l + 14. Give y(7).
-7
Let s(w) = w**2 + 2*w - 23. Calculate s(-6).
1
Let f(i) = 3*i**2 - 44*i + 137. Give f(10).
-3
Let x(q) = -38*q - 829. Calculate x(-22).
7
Let l(s) = -s + 8. Determine l(4).
4
Let v(b) = -b**3 - 4*b**2 + 3*b - 8. Calculate v(-5).
2
Let y(j) = -j**3 + j**2 - 3*j - 7. What is y(0)?
-7
Let c(b) = -4*b**2 - 43*b - 19. Calculate c(-10).
11
Let i(d) = d**2 - 10*d + 4. Give i(7).
-17
Let z(f) = 23*f - 3. What is z(2)?
43
Let k(b) = b**3 + 14*b**2 + 11*b - 31. What is k(-13)?
-5
Let u(c) = 13*c + 6. Give u(-3).
-33
Let b(i) = -10*i + 8. What is b(3)?
-22
Let i(n) = 2*n + 3. Calculate i(-7).
-11
Let q(p) = -p**2 + 2*p - 44. What is q(0)?
-44
Let f(p) = -p**3 + 17*p**2 + 7*p - 125. What is f(17)?
-6
Let j(x) = 2*x + 14. Give j(-18).
-22
Let d(t) = -3*t + 2. Determine d(-3).
11
Let b(g) = -7*g + 22. Calculate b(9).
-41
Let l(z) = -2*z**2 - 19*z - 22. What is l(-11)?
-55
Let z(l) = -5*l + 13. Calculate z(9).
-32
Let f(v) = 25*v - 4. Give f(0).
-4
Let b(z) = -z**3 + 6*z**2 - 5*z + 5. Give b(5).
5
Let b(x) = x**2 + 13*x + 76. Calculate b(-8).
36
Let n(c) = 11*c - 50. Give n(5).
5
Let x(a) = -a**3 + 13*a - 8. Calculate x(-4).
4
Let o(i) = -2*i**2 - 4*i - 1. Calculate o(-3).
-7
Let k(n) = -n**2 - 17*n - 2. Calculate k(-17).
-2
Let p(i) = i**2 + 46*i + 7. Calculate p(-46).
7
Let m(x) = -x - 19. Calculate m(0).
-19
Let h(r) = 11*r + 31. Calculate h(-3).
-2
Let z(k) = -k**3 - 5*k**2 + 19. Give z(-4).
3
Let t(v) = v**2 + 33*v + 182. Give t(-7).
0
Let k(i) = -15*i**2 + 4*i + 3. Give k(-1).
-16
Let u(x) = x**3 - 12*x**2 + 25. Determine u(12).
25
Let c(p) = -p**2 + 11*p - 3. Give c(11).
-3
Let o(w) = 7*w**2 - 3*w - 2. Give o(-1).
8
Let s(u) = 9*u + 278. Determine s(-30).
8
Let c(i) = 18*i**2 - 3*i - 4. What is c(-1)?
17
Let k(a) = a - 13. Determine k(-13).
-26
Let a(g) = g + 26. Determine a(-9).
17
Let p(l) = 97*l - 583. Calculate p(6).
-1
Let k(l) = 3*l + 3. What is k(-2)?
-3
Let w(d) = 10*d**3 + d**2 + 2*d - 2. Determine w(1).
11
Let m(h) = h**2 + 3. Determine m(3).
12
Let j(p) = -2*p**3 - 8*p**2 - 3*p + 7. Determine j(-4).
19
Let y(n) = -42*n**3 - 2*n**2 + n + 1. Give y(1).
-42
Let c(y) = y**3 - y**2 + y. What is c(1)?
1
Let t(g) = -7*g - 1. Determine t(-6).
41
Let v(f) = -13*f - 3. Give v(1).
-16
Let h(o) = 5*o + 24. Calculate h(-6).
-6
Let h(f) = f**3 - 12*f**2 - f - 2. Give h(4).
-134
Let n(x) = -x**3 + 21*x**2 + 23*x - 17. Determine n(22).
5
Let s(y) = -14*y + 20. Calculate s(7).
-78
Let g(h) = h**3 + 10*h**2 - 13*h - 19. Calculate g(-11).
3
Let t(z) = 5*z**2 + 2*z + 1. What is t(-1)?
4
Let y(f) = 31*f - 364. Calculate y(11).
-23
Let i(d) = -d**2 - 9*d + 7. Give i(-10).
-3
Let o(a) = -2*a**2 - 16*a - 17. Give o(-7).
-3
Let c(l) = -l**3 + 9*l**2 - 10*l - 3. Give c(7).
25
Let u(t) = -t**2 + 6*t + 7. What is u(6)?
7
Let h(m) = -m**3 + 12*m**2 + m - 10. Determine h(12).
2
Let k(s) = 14*s + 25. Calculate k(-4).
-31
Let u(r) = -2*r**2 - 52*r - 324. What is u(-10)?
-4
Let g(w) = 21*w + 6. Calculate g(-2).
-36
Let i(u) = u**3 + 5*u**2 - 14*u - 1. What is i(-7)?
-1
Let z(t) = -2*t**2 - 27*t + 53. What is z(2)?
-9
Let o(d) = d**3 - 3*d**2 + d. Determine o(3).
3
Let c(a) = 4*a + 99. What is c(-27)?
-9
Let s(i) = i**2 - 3*i - 21. Give s(7).
7
Let k(y) = -5*y + 102. Calculate k(19).
7
Let z(l) = 7*l**2 - 252*l + 9. Determine z(36).
9
Let u(m) = -3*m + 70. Determine u(28).
-14
Let l(s) = -5*s**2 + 4*s - 2. Give l(1).
-3
Let d(i) = i**3 + 20*i**2 - 20*i + 18. Give d(-21).
-3
Let i(o) = 12*o - 9. Calculate i(1).
3
Let q(m) = -m**2 + 8*m - 9. Give q(6).
3
Let s(x) = 21*x**3 + x**2. Determine s(-1).
-20
Let b(v) = -v**2 + 4*v + 1. Calculate b(5).
-4
Let b(o) = 2*o**3 + 6*o**2 - 11*o - 9. Determine b(-5).
-54
Let d(i) = -11*i**2 + 253*i - 20. Calculate d(23).
-20
Let p(z) = 65*z - 9. Give p(0).
-9
Let f(s) = -10*s + 57. Calculate f(5).
7
Let h(a) = 24*a + 22. Determine h(-1).
-2
Let z(a) = -4*a**2 - 4*a + 8. Determine z(2).
-16
Let o(j) = j**2 - 47*j - 282. What is o(52)?
-22
Let l(b) = 7*b**2 + 18*b - 18. What is l(1)?
7
Let c(q) = -q**3 + 9*q**2 + 34*q + 19. Calculate c(12).
-5
Let b(r) = -r**3 + 3*r**2 - 2*r + 1. Give b(3).
-5
Let l(k) = k**2 + 16*k + 3. Calculate l(-6).
-57
Let z(f) = -f**2 + 6*f + 2. Calculate z(7).
-5
Let o(x) = 5*x**3 - 2*x**2 + 1. Determine o(1).
4
Let m(z) = -3*z**2 - 2*z + 32. What is m(-4)?
-8
Let l(g) = -7*g**3 - 3*g**2 - g + 2. What is l(-1)?
7
Let n(v) = 2*v**2 - 16*v + 24. Calculate n(6).
0
Let j(g) = -g - 9. Calculate j(0).
-9
Let y(f) = f**3 + 2*f**2 + 2*f + 3. What is y(0)?
3
Let f(y) = -y**3 - 46*y**2 - y - 69. What is f(-46)?
-23
Let i(k) = -k**2 + 88. Calculate i(-9).
7
Let s(z) = z**2 + 15*z - 19. Give s(-13).
-45
Let b(a) = -3*a + 2. Determine b(-4).
14
Let r(x) = 4*x + 23. Calculate r(-9).
-13
Let r(a) = -a**3 - 11*a**2 - 8*a + 7. Determine r(-10).
-13
Let b(q) = 2*q**3 - 9*q**2 - 10*q + 31. Determine b(5).
6
Let v(w) = -w**2 + 8*w + 3. What is v(8)?
3
Let q(f) = f**2 - 9*f + 18. Determine q(9).
18
Let m(w) = -21*w**2 - 1. What is m(1)?
-22
Let i(z) = -z - 9. Determine i(3).
-12
Let t(a) = a**3 - 7*a**2 - 10*a + 12. What is t(8)?
-4
Let s(w) = -w**3 + 2*w**2 + w - 1. Give s(2).
1
Let y(k) = 2*k**2 + 19*k - 11. Give y(-9).
-20
Let r(b) = -5*b + 51. What is r(13)?
-14
Let n(o) = -2*o + 13. Calculate n(11).
-9
Let y(j) = -j**3 + 15*j**2 + j + 1. What is y(15)?
16
Let m(g) = -120*g + 245. Calculate m(2).
5
Let a(v) = -v**2 + v + 40. What is a(-6)?
-2
Let f(m) = 10*m - 1. Determine f(2).
19
Let t(p) = p**2 - 3*p - 8. Give t(5).
2
Let a(w) = -2*w**2 - 5*w + 31. Give a(0).
31
Let k(l) = l + 1. What is k(-3)?
-2
Let o(r) = r**3 - 6*r**2 - 37*r - 34. Calculate o(10).
-4
Let n(i) = i**2 + 7*i - 2. Determine n(-7).
-2
Let h(i) = 3*i**2 + i + 1. What is h(-1)?
3
Let t(g) = 23*g**3 - 4*g**2 + 4*g. Give t(2).
176
Let o(j) = -13*j**3 + j**2 + j - 1. What is o(1)?
-12
Let p(j) = 2*j**2 - 16*j + 6. What is p(7)?
-8
Let x(l) = 5*l**2 + 29*l + 14. Give x(-6).
20
Let x(h) = 4*h + 12. What is x(-6)?
-12
Let u(r) = 3*r**2 + 9*r + 7. Determine u(-6).
61
Let o(x) = x**3 + 36*x**2 + 32*x - 97. Calculate o(-35).
8
Let i(q) = -q**3 + 6*q**2 - 6*q - 5. Calculate i(4).
3
Let x(u) = -3*u - 26. Determine x(-18).
28
Let f(t) = 3*t - 31. Give f(8).
-7
Let u(f) = f**2 + 15*f - 82. Calculate u(-18).
-28
Let h(d) = 4*d**2 - d + 1. Determine h(4).
61
Let k(z) = -z**2 + 11*z - 1. What is k(11)?
-1
Let v(s) = -6*s - 35. What is v(-7)?
7
Let o(j) = j**2 - 8*j - 3. Determine o(6).
-15
Let v(f) = f**2 + 17*f - 11. Calculate v(-17).
-11
Let n(p) = p**3 - 5*p**2 - 27*p + 117. What is n(4)?
-7
Let v(s) = 5*s - 3. Calculate v(7).
32
Let a(k) = k**3 - 6*k**2 + 8*k - 37. Calculate a(8).
155
Let v(f) = f**2 + 10*f + 19. Calculate v(-6).
-5
Let c(z) = -z**3 - 11*z**2 + 78*z - 30. What is c(-16)?
2
Let l(v) = v**3 - 5*v + 4. What is l(2)?
2
Let t(p) = p**2 - 6*p - 18. Determine t(8).
-2
Let m(u) = u**2 - 4*u - 5. Calculate m(4).
-5
Let r(n) = 13*n**2 - 1. Calculate r(-1).
12
Let b(x) = -x**3 - x**2 - 2*x. What is b(-2)?
8
Let o(f) = -f + 38. What is o(12)?
26
Let x(k) = k**2 - 17*k + 55. Give x(10).
-15
Let u(z) = 18*z - 114. Calculate u(7).
12
Let m(n) = -n**2 - 6*n + 80. What is m(7)?
-11
Let p(h) = 14*h + 1. Determine p(-1).
-13
Let h(j) = -j - 5. Determine h(-16).
11
Let z(b) = b**3 + 12*b**2 - b - 11. Give z(-12).
1
Let g(s) = s**3 - 15*s**2 - 38*s + 66. What is g(17)?
-2
Let q(a) = -2*a**2 - 18*a - 14. Determine q(-8).
2
Let j(c) = c**3 + c**2 - c - 19. Give j(0).
-19
Let l(m) = m**3 + 4*m**2 + m - 1. Determine l(-3).
5
Let x(d) = 3*d + 17. Calculate x(-3).
8
Let p(v) = 6*v + 38. What is p(-7)?
-4
Let j(u) = u**3 - 5*u**2 + 2*u - 5. Calculate j(4).
-13
Let p(v) = -v**3 + 7*v**2 + 22*v - 33. Determine p(9).
3
Let o(k) = -5*k**2 - 7*k - 2. Determine o(-3).
-26
Let t(p) = 9*p**2 - 9*p + 9. What is t(1)?
9
Let t(u) = -7*u - 28. Give t(-7).
21
Let s(k) = -12*k + 51. Calculate s(6).
-21
Let a(r) = -r**3 + r**2 - 2*r - 1. Calculate a(0).
-1
Let k(g) = g**3 - 2*g**2 + 6*g - 2. Give k(2).
10
Let n(a) = -a**3 + 17*a**2 + 20*a - 35. What is n(18)?
1
Let b(w) = -w + 3. Give b(20).
-17
Let g(i) = -i**2 + 15. Determine g(-7).
-34
Let g(x) = x**2 - x - 16. What is g(0)?
-16
Let o(x) = x**2 - 19*x - 8. 